{"id":1564,"date":"2020-12-01T18:06:22","date_gmt":"2020-12-01T21:06:22","guid":{"rendered":"https:\/\/cboero-cba.infd.edu.ar\/sitio\/?page_id=1564"},"modified":"2022-12-13T09:35:26","modified_gmt":"2022-12-13T12:35:26","slug":"ciclo-artistico-vocacional-avanzado-c-a-v-a","status":"publish","type":"page","link":"https:\/\/cboero-cba.infd.edu.ar\/sitio\/ciclo-artistico-vocacional-avanzado-c-a-v-a\/","title":{"rendered":"Ciclo Art\u00edstico Vocacional-Avanzado en Instrumento\/Canto (C.A.V.A.)"},"content":{"rendered":"<h4 style=\"text-align: center;\"><b>CICLO ART\u00cdSTICO VOCACIONAL <\/b><b>EN INSTRUMENTO Y CANTO<\/b><b>: Formaci\u00f3n Avanzada<\/b><\/h4>\n<p><span style=\"font-weight: 400;\">Prop\u00f3sitos:<\/span><\/p>\n<ul>\n<li><span style=\"font-weight: 400;\"> Promover instancias para el desarrollo de la audiopercepci\u00f3n asociada al lenguaje atendiendo y respetando la subjetividad y el entorno cultural.<\/span><\/li>\n<li><span style=\"font-weight: 400;\"> Desarrollar el pensamiento musical mediante un proceso continuo de creaci\u00f3n, re-creaci\u00f3n, interpretaci\u00f3n y reflexi\u00f3n.<\/span><\/li>\n<li><span style=\"font-weight: 400;\"> Favorecer la profundizaci\u00f3n de aspectos como la instrumentaci\u00f3n, el g\u00e9nero y los estilos musicales, los contextos hist\u00f3ricos, est\u00e9ticos y culturales, que dieron origen a las expresiones musicales trabajadas en los distintos espacios.<\/span><\/li>\n<li><span style=\"font-weight: 400;\"> Desarrollar la habilidad de hacer m\u00fasica en forma grupal.<\/span><\/li>\n<li><span style=\"font-weight: 400;\"> Promover la construcci\u00f3n de criterios est\u00e9ticos propios.<\/span><\/li>\n<li><span style=\"font-weight: 400;\"> Ofrecer la posibilidad de tomar contacto con los diversos roles que el m\u00fasico debe asumir como productor de cultura: gesti\u00f3n, promoci\u00f3n y coordinaci\u00f3n de proyectos musicales.<\/span><\/li>\n<\/ul>\n<div  class=\"lgc-column lgc-grid-parent lgc-grid-50 lgc-tablet-grid-50 lgc-mobile-grid-100 lgc-equal-heights \"><div  class=\"inside-grid-column\"><img decoding=\"async\" loading=\"lazy\" class=\"alignnone size-full wp-image-2337\" src=\"https:\/\/cboero-cba.infd.edu.ar\/sitio\/wp-content\/uploads\/2021\/02\/Cuadro-CAV-Avanzado-Instrumento.jpg\" alt=\"\" width=\"575\" height=\"832\" \/><\/div><\/div>\n<div  class=\"lgc-column lgc-grid-parent lgc-grid-50 lgc-tablet-grid-50 lgc-mobile-grid-100 lgc-equal-heights \"><div  class=\"inside-grid-column\"><img decoding=\"async\" loading=\"lazy\" class=\"alignnone size-full wp-image-2338\" src=\"https:\/\/cboero-cba.infd.edu.ar\/sitio\/wp-content\/uploads\/2021\/02\/Cuadro-CAV-Avanzado-Canto.jpg\" alt=\"\" width=\"575\" height=\"832\" \/><\/div><\/div>\n<p>Si te interesa esta propuesta, puedes realizar la INSCRIPCI\u00d3N ingresando al siguiente link:\u00a0<a href=\"https:\/\/cboero-cba.infd.edu.ar\/sitio\/inscripcion-ciclo-artistico-vocacional-avanzado\/\">https:\/\/cboero-cba.infd.edu.ar\/sitio\/inscripcion-ciclo-artistico-vocacional-avanzado\/<\/a><\/p>\n\n\n<h5 class=\"has-text-align-center wp-block-heading\">INSTRUMENTOS: Guitarra, Piano, Viol\u00edn, Violoncello, Saxof\u00f3n, Clarinete,<\/h5>\n\n\n\n<h5 class=\"has-text-align-center wp-block-heading\">Flauta traversa, Trompeta, Percusi\u00f3n.<\/h5>\n\n\n\n<h5 class=\"has-text-align-center wp-block-heading\">Canto<\/h5>\n","protected":false},"excerpt":{"rendered":"<p>CICLO ART\u00cdSTICO VOCACIONAL EN INSTRUMENTO Y CANTO: Formaci\u00f3n Avanzada Prop\u00f3sitos: Promover instancias para el desarrollo de la audiopercepci\u00f3n asociada al lenguaje atendiendo y respetando la subjetividad y el entorno cultural. Desarrollar el pensamiento musical mediante un proceso continuo de creaci\u00f3n, re-creaci\u00f3n, interpretaci\u00f3n y reflexi\u00f3n. Favorecer la profundizaci\u00f3n de aspectos como la instrumentaci\u00f3n, el g\u00e9nero y &#8230; <a title=\"Ciclo Art\u00edstico Vocacional-Avanzado en Instrumento\/Canto (C.A.V.A.)\" class=\"read-more\" href=\"https:\/\/cboero-cba.infd.edu.ar\/sitio\/ciclo-artistico-vocacional-avanzado-c-a-v-a\/\" aria-label=\"More on Ciclo Art\u00edstico Vocacional-Avanzado en Instrumento\/Canto (C.A.V.A.)\">[+]<\/a><\/p>\n","protected":false},"author":99,"featured_media":0,"parent":0,"menu_order":0,"comment_status":"closed","ping_status":"closed","template":"","meta":[],"acf":[],"_links":{"self":[{"href":"https:\/\/cboero-cba.infd.edu.ar\/sitio\/wp-json\/wp\/v2\/pages\/1564"}],"collection":[{"href":"https:\/\/cboero-cba.infd.edu.ar\/sitio\/wp-json\/wp\/v2\/pages"}],"about":[{"href":"https:\/\/cboero-cba.infd.edu.ar\/sitio\/wp-json\/wp\/v2\/types\/page"}],"author":[{"embeddable":true,"href":"https:\/\/cboero-cba.infd.edu.ar\/sitio\/wp-json\/wp\/v2\/users\/99"}],"replies":[{"embeddable":true,"href":"https:\/\/cboero-cba.infd.edu.ar\/sitio\/wp-json\/wp\/v2\/comments?post=1564"}],"version-history":[{"count":16,"href":"https:\/\/cboero-cba.infd.edu.ar\/sitio\/wp-json\/wp\/v2\/pages\/1564\/revisions"}],"predecessor-version":[{"id":4495,"href":"https:\/\/cboero-cba.infd.edu.ar\/sitio\/wp-json\/wp\/v2\/pages\/1564\/revisions\/4495"}],"wp:attachment":[{"href":"https:\/\/cboero-cba.infd.edu.ar\/sitio\/wp-json\/wp\/v2\/media?parent=1564"}],"curies":[{"name":"wp","href":"https:\/\/api.w.org\/{rel}","templated":true}]}}