{"id":286,"date":"2016-10-31T13:17:59","date_gmt":"2016-10-31T16:17:59","guid":{"rendered":"https:\/\/cboero-cba.infd.edu.ar\/sitio\/?page_id=286"},"modified":"2025-02-24T10:39:57","modified_gmt":"2025-02-24T13:39:57","slug":"inicio","status":"publish","type":"page","link":"https:\/\/cboero-cba.infd.edu.ar\/sitio\/","title":{"rendered":"Inicio"},"content":{"rendered":"<h1 style=\"text-align: center;\"><img decoding=\"async\" loading=\"lazy\" class=\"alignnone size-medium wp-image-2062\" src=\"https:\/\/cboero-cba.infd.edu.ar\/sitio\/wp-content\/uploads\/2020\/12\/Foto-portada-2-1000x466.jpg\" alt=\"\" width=\"1000\" height=\"466\" srcset=\"https:\/\/cboero-cba.infd.edu.ar\/sitio\/wp-content\/uploads\/2020\/12\/Foto-portada-2-1000x466.jpg 1000w, https:\/\/cboero-cba.infd.edu.ar\/sitio\/wp-content\/uploads\/2020\/12\/Foto-portada-2-768x358.jpg 768w, https:\/\/cboero-cba.infd.edu.ar\/sitio\/wp-content\/uploads\/2020\/12\/Foto-portada-2.jpg 1599w\" sizes=\"(max-width: 1000px) 100vw, 1000px\" \/><\/h1>\n<h1><img decoding=\"async\" loading=\"lazy\" class=\"alignnone size-full wp-image-2063 aligncenter\" src=\"https:\/\/cboero-cba.infd.edu.ar\/sitio\/wp-content\/uploads\/2020\/12\/cooltext371160933300457.png\" alt=\"\" width=\"471\" height=\"94\" \/><\/h1>\n<p style=\"text-align: center;\"><i><span style=\"font-weight: 400;\">El <\/span><\/i><b><i>Conservatorio Superior de M\u00fasica Felipe Boero <\/i><\/b><i><span style=\"font-weight: 400;\">es una Instituci\u00f3n Educativa perteneciente a la Direcci\u00f3n General de Educaci\u00f3n Superior\u00a0 del Ministerio de Educaci\u00f3n de la Provincia de C\u00f3rdoba.\u00a0 Es un Instituto Superior de Formaci\u00f3n Docente de gesti\u00f3n estatal. Junto con varios cientos de Institutos, integramos la Red Virtual de Institutos Superiores de Formaci\u00f3n Docente coordinada por el INFD (Instituto Nacional de Formaci\u00f3n Docente) dependiente del Ministerio de Educaci\u00f3n de la Naci\u00f3n Argentina.<\/span><\/i><\/p>\n<p style=\"text-align: center;\"><i><span style=\"font-weight: 400;\">Desde 1966 el Conservatorio Superior de M\u00fasica \u201cFelipe Boero\u201d brinda una s\u00f3lida formaci\u00f3n instrumental y pedag\u00f3gico-musical.\u00a0<\/span><\/i><\/p>\n<p style=\"text-align: center;\"><i><span style=\"font-weight: 400;\">De sus aulas han egresado destacados instrumentistas que se desempe\u00f1an como concertistas o como miembros de diversos cuerpos orquestales en nuestro pa\u00eds y en el exterior. Adem\u00e1s nutre de docentes de m\u00fasica a un gran n\u00famero de escuelas de la regi\u00f3n<\/span><span style=\"font-weight: 400;\">\u00a0y del pa\u00eds.<\/span><\/i><\/p>\n<p style=\"text-align: center;\"><i><span style=\"font-weight: 400;\">Es importante destacar la proficua tarea de extensi\u00f3n\u00a0 que la instituci\u00f3n ha realizado a lo largo de su historia, organizando innumerables conciertos y audiciones did\u00e1cticas. La instituci\u00f3n es adem\u00e1s centro de capacitaci\u00f3n, ofreciendo variados cursos de perfeccionamiento, talleres, intervenciones y\u00a0 conciertos abiertos a toda la comunidad.<\/span><\/i><\/p>\n<p><img decoding=\"async\" loading=\"lazy\" class=\"aligncenter wp-image-5291 size-thumbnail\" src=\"https:\/\/cboero-cba.infd.edu.ar\/sitio\/wp-content\/uploads\/2024\/10\/IMG_20240219_080748389_HDR-3-500x500.jpg\" alt=\"\" width=\"500\" height=\"500\" \/><\/p>\n<h1 style=\"text-align: center;\"><span style=\"color: #000080;\"><span style=\"font-family: 'arial black', 'avant garde'; font-size: 12pt;\" data-mce-mark=\"1\"><span style=\"font-variant: normal; font-weight: normal; letter-spacing: normal; line-height: 19.32px; text-align: left; text-indent: 0px; text-transform: none; white-space: normal; widows: 1; word-spacing: 0px; display: inline ! important; float: none; background-color: #ffffff;\">\u00a0<\/span><\/span><\/span><\/h1>\n<h1 style=\"text-align: center;\"><span style=\"font-size: 10px;\">\u00a0<\/span><\/h1>\n<p style=\"text-align: center;\">\u00a0<\/p>\n","protected":false},"excerpt":{"rendered":"<p>El Conservatorio Superior de M\u00fasica Felipe Boero es una Instituci\u00f3n Educativa perteneciente a la Direcci\u00f3n General de Educaci\u00f3n Superior\u00a0 del Ministerio de Educaci\u00f3n de la Provincia de C\u00f3rdoba.\u00a0 Es un Instituto Superior de Formaci\u00f3n Docente de gesti\u00f3n estatal. Junto con varios cientos de Institutos, integramos la Red Virtual de Institutos Superiores de Formaci\u00f3n Docente coordinada &#8230; <a title=\"Inicio\" class=\"read-more\" href=\"https:\/\/cboero-cba.infd.edu.ar\/sitio\/\" aria-label=\"More on Inicio\">[+]<\/a><\/p>\n","protected":false},"author":1,"featured_media":0,"parent":0,"menu_order":0,"comment_status":"closed","ping_status":"closed","template":"","meta":[],"acf":[],"_links":{"self":[{"href":"https:\/\/cboero-cba.infd.edu.ar\/sitio\/wp-json\/wp\/v2\/pages\/286"}],"collection":[{"href":"https:\/\/cboero-cba.infd.edu.ar\/sitio\/wp-json\/wp\/v2\/pages"}],"about":[{"href":"https:\/\/cboero-cba.infd.edu.ar\/sitio\/wp-json\/wp\/v2\/types\/page"}],"author":[{"embeddable":true,"href":"https:\/\/cboero-cba.infd.edu.ar\/sitio\/wp-json\/wp\/v2\/users\/1"}],"replies":[{"embeddable":true,"href":"https:\/\/cboero-cba.infd.edu.ar\/sitio\/wp-json\/wp\/v2\/comments?post=286"}],"version-history":[{"count":186,"href":"https:\/\/cboero-cba.infd.edu.ar\/sitio\/wp-json\/wp\/v2\/pages\/286\/revisions"}],"predecessor-version":[{"id":5547,"href":"https:\/\/cboero-cba.infd.edu.ar\/sitio\/wp-json\/wp\/v2\/pages\/286\/revisions\/5547"}],"wp:attachment":[{"href":"https:\/\/cboero-cba.infd.edu.ar\/sitio\/wp-json\/wp\/v2\/media?parent=286"}],"curies":[{"name":"wp","href":"https:\/\/api.w.org\/{rel}","templated":true}]}}