{"id":3770,"date":"2022-11-02T16:13:12","date_gmt":"2022-11-02T19:13:12","guid":{"rendered":"https:\/\/cboero-cba.infd.edu.ar\/sitio\/?page_id=3770"},"modified":"2024-11-15T08:43:08","modified_gmt":"2024-11-15T11:43:08","slug":"inscripcion-ciclo-artistico-vocacional-infantil-c-a-v-i-2","status":"publish","type":"page","link":"https:\/\/cboero-cba.infd.edu.ar\/sitio\/inscripcion-ciclo-artistico-vocacional-infantil-c-a-v-i-2\/","title":{"rendered":"Inscripci\u00f3n Ciclo Art\u00edstico Vocacional Infantil -C.A.V.I.-"},"content":{"rendered":"\n<p><\/p>\n\n\n\n<h3 class=\"wp-block-heading has-text-align-center\"><b>INSCRIPCI\u00d3N CICLO ART\u00cdSTICO VOCACIONAL INFANTIL <\/b>-C.A.V.I.-<\/h3>\n\n\n\n<h3 class=\"wp-block-heading has-text-align-center\"><b>A\u00d1O 202<\/b>5<\/h3>\n\n\n\n<div class=\"wp-block-group is-layout-flow\"><div class=\"wp-block-group__inner-container\">\n<div class=\"wp-block-columns is-layout-flex wp-container-5\">\n<div class=\"wp-block-column is-layout-flow\">\n<div class=\"wp-block-columns is-layout-flex wp-container-2\">\n<div class=\"wp-block-column is-layout-flow\" style=\"flex-basis:100%\">\n<h4 class=\"wp-block-heading has-text-align-center has-white-color has-text-color has-background\" style=\"background-color:#f2aa83\"><span style=\"color: #ff6600;\"><b><span class=\"has-inline-color has-white-color\">SI YA SOS estudiante del Conservatorio&#8230;<\/span><\/b><\/span><\/h4>\n\n\n\n<p class=\"has-text-align-center has-vivid-green-cyan-color has-text-color has-medium-font-size\"><span style=\"color: #ff0000;\"><b><mark style=\"background-color:rgba(0, 0, 0, 0)\" class=\"has-inline-color has-black-color\">INSCRIPCIONES ABIERTAS DESDE<\/mark>&nbsp; <mark style=\"background-color:rgba(0, 0, 0, 0)\" class=\"has-inline-color has-black-color\">EL<\/mark><\/b><\/span> <strong>15\/11\/2024<\/strong><\/p>\n\n\n\n<p>El profesor\/a le entregar\u00e1 al estudiante, la <strong>Planilla de Inscripci\u00f3n 2025<\/strong> en formato papel, a partir del <strong>01\/11\/2024<\/strong>, la que se deber\u00e1 completar y entregar a preceptor\u00eda hasta el <strong>20\/12\/2024<\/strong>.<\/p>\n\n\n\n<p class=\"has-text-align-left has-background\" style=\"background-color:#fbd0b9;font-size:15px\"><strong>ATENCI\u00d3N<\/strong><em>: Realizando este tr\u00e1mite en tiempo y forma, <\/em><strong>aseguras mantener <strong>el lugar<\/strong><\/strong><strong> con tu profesor\/a de instrumento,  para el Ciclo Lectivo 2025<\/strong>.<\/p>\n\n\n\n<p><\/p>\n\n\n\n<p class=\"has-text-color\" style=\"color:#a30031\">2. <mark style=\"background-color:rgba(0, 0, 0, 0);color:#c50b72\" class=\"has-inline-color\"><em><strong>En formato papel<\/strong>:<\/em> <\/mark><mark style=\"background-color:rgba(0, 0, 0, 0)\" class=\"has-inline-color has-black-color\">Entregar en preceptor\u00eda, la siguiente documentaci\u00f3n<\/mark>: <strong><mark style=\"background-color:rgba(0, 0, 0, 0)\" class=\"has-inline-color has-vivid-green-cyan-color\">(A PARTIR DEL 17\/02\/2025)<\/mark><\/strong><\/p>\n\n\n\n<ul>\n<li><strong>Planilla de Inscripci\u00f3n CAVI 2025<\/strong> (Institucional) -si ya la entregaste hasta el 20\/12\/2024, no se vuelve a entregar- <\/li>\n\n\n\n<li><strong>Anexo Salidas Educativas<\/strong>: <a href=\"https:\/\/cboero-cba.infd.edu.ar\/sitio\/wp-content\/uploads\/2024\/10\/Anexo-Autorizacion-salidas-educativas-2025.pdf\">https:\/\/cboero-cba.infd.edu.ar\/sitio\/wp-content\/uploads\/2025\/10\/Anexo-Autorizacion-salidas-educativas-2025.pdf<\/a><\/li>\n\n\n\n<li><strong>-ISA-<\/strong> <strong>Informe de Salud Anual: <\/strong><a href=\"https:\/\/cboero-cba.infd.edu.ar\/sitio\/wp-content\/uploads\/2024\/10\/Informe-de-Salud-Anual-ISA-2025.doc\">https:\/\/cboero-cba.infd.edu.ar\/sitio\/wp-content\/uploads\/2025\/10\/Informe-de-Salud-Anual-ISA-2025.doc<\/a><\/li>\n\n\n\n<li><strong>-CUS-<\/strong> <strong>Certificado \u00danico de Salud<\/strong>: <a href=\"https:\/\/cboero-cba.infd.edu.ar\/sitio\/wp-content\/uploads\/2024\/10\/Certificado-unico-de-salud-CUS-2025.docx\">https:\/\/cboero-cba.infd.edu.ar\/sitio\/wp-content\/uploads\/2025\/10\/Certificado-unico-de-salud-CUS-2025.docx<\/a><\/li>\n\n\n\n<li><strong>Certificado de escolaridad<\/strong> o <strong>Constancia de alumno regular<\/strong><\/li>\n<\/ul>\n\n\n\n<p><\/p>\n<\/div>\n<\/div>\n<\/div>\n\n\n\n<div class=\"wp-block-column is-layout-flow\">\n<h4 class=\"wp-block-heading has-text-align-center has-background\" style=\"background-color:#b3eb64\"><span style=\"color: #ff6600;\"><b><span class=\"has-inline-color has-white-color\">SI QUER\u00c9S estudiar en el Conservatorio&#8230;<\/span><\/b><\/span><\/h4>\n\n\n\n<p class=\"has-text-align-center has-vivid-green-cyan-color has-text-color has-medium-font-size\"><span style=\"color: #ff0000;\"><b><mark style=\"background-color:rgba(0, 0, 0, 0)\" class=\"has-inline-color has-black-color\">INSCRIPCIONES ABIERTAS DESDE<\/mark>&nbsp; <mark style=\"background-color:rgba(0, 0, 0, 0)\" class=\"has-inline-color has-black-color\">EL<\/mark><\/b><\/span> <strong>15\/11\/2024<\/strong><\/p>\n\n\n\n<p>1. <mark style=\"background-color:rgba(0, 0, 0, 0);color:#c50b72\" class=\"has-inline-color\"><strong><em>E<\/em><\/strong><em style=\"font-weight: bold;\">n<\/em><b> <\/b><em style=\"font-weight: bold;\">formato digital<\/em>: <\/mark>Descarg\u00e1 y complet\u00e1 la <strong>PLANILLA DE INSCRIPCI\u00d3N CAV INFANTIL 2025<\/strong>(Institucional) y el <strong>ANEXO SALIDAS EDUCATIVAS;  <\/strong>luego env\u00eda ambas planillas&nbsp;por correo a: <a href=\"mailto:preceptoriafelipeboerocav@gmail.com\">preceptoriafelipeboerocav@gmail.com<\/a>        &nbsp;(<strong>Asunto del correo:<\/strong> Apellido\/s y Nombre\/s; Inscripci\u00f3n 2025 CAVI)<strong>   ADJUNTA <\/strong>adem\u00e1s : <strong>*DNI Actualizado<\/strong> <\/p>\n\n\n\n<ul>\n<li><strong>PLANILLA DE INSCRIPCI\u00d3N CAVI 2025 <\/strong>(Institucional): <a href=\"https:\/\/cboero-cba.infd.edu.ar\/sitio\/wp-content\/uploads\/2024\/10\/PLANILLA-DE-INSCRIPCION-CAVI-2025.pdf\">https:\/\/cboero-cba.infd.edu.ar\/sitio\/wp-content\/uploads\/2025\/10\/PLANILLA-DE-INSCRIPCION-CAVI-2025.pdf<\/a><\/li>\n<\/ul>\n\n\n\n<ul>\n<li><strong>ANEXO SALIDAS EDUCATIVAS:<\/strong> <a href=\"https:\/\/cboero-cba.infd.edu.ar\/sitio\/wp-content\/uploads\/2024\/10\/Anexo-Autorizacion-salidas-educativas-2025.pdf\">https:\/\/cboero-cba.infd.edu.ar\/sitio\/wp-content\/uploads\/2025\/10\/Anexo-Autorizacion-salidas-educativas-2025.pdf<\/a><\/li>\n<\/ul>\n\n\n\n<p class=\"has-text-align-left\">2. <strong><em><mark style=\"background-color:rgba(0, 0, 0, 0);color:#c50b72\" class=\"has-inline-color\">En formato papel<\/mark><\/em><\/strong>: Entreg\u00e1  en preceptor\u00eda, la siguiente documentaci\u00f3n: <strong><mark style=\"background-color:rgba(0, 0, 0, 0)\" class=\"has-inline-color has-vivid-green-cyan-color\">(A PARTIR DEL 17\/02\/2025)<\/mark><\/strong><\/p>\n\n\n\n<ul>\n<li><strong>Planilla de Inscripci\u00f3n CAVI 2025<\/strong> (Institucional)<\/li>\n\n\n\n<li><strong> DNI Actualizado<\/strong><\/li>\n\n\n\n<li><strong>Anexo Salidas Educativas<\/strong><\/li>\n\n\n\n<li><strong>-ISA-<\/strong> <strong>Informe de Salud Anual<\/strong>: <a href=\"https:\/\/cboero-cba.infd.edu.ar\/sitio\/wp-content\/uploads\/2024\/10\/Informe-de-Salud-Anual-ISA-2025.doc\">https:\/\/cboero-cba.infd.edu.ar\/sitio\/wp-content\/uploads\/2025\/10\/Informe-de-Salud-Anual-ISA-2025.doc<\/a><\/li>\n\n\n\n<li><strong>-CUS-<\/strong> <strong>Certificado \u00danico de Salud<\/strong>: <a href=\"https:\/\/cboero-cba.infd.edu.ar\/sitio\/wp-content\/uploads\/2024\/10\/Certificado-unico-de-salud-CUS-2025.docx\">https:\/\/cboero-cba.infd.edu.ar\/sitio\/wp-content\/uploads\/2025\/10\/Certificado-unico-de-salud-CUS-2025.docx<\/a><\/li>\n\n\n\n<li><strong>Certificado de escolaridad<\/strong> o <strong>Constancia de alumno regular<\/strong><\/li>\n<\/ul>\n<\/div>\n<\/div>\n\n\n\n<p class=\"has-black-color has-text-color\"><mark style=\"background-color:rgba(0, 0, 0, 0)\" class=\"has-inline-color has-black-color\"><strong>ATENCI\u00d3N<\/strong>: Para <strong>cargar la documentaci\u00f3n en <em>formato digital<\/em>,\u00a0<\/strong>se puede realizar en PDF o JPG\u00a0 ( o foto legible) y luego enviar al correo asignado. (Si eliges completar y firmar directamente la Planilla de Inscripci\u00f3n de manera digital, puedes ayudarte con el editor <\/mark>en l\u00ednea<strong> <\/strong>\u00a0<a href=\"https:\/\/www.sejda.com\/es\/pdf-editor\"><strong>https:\/\/www.sejda.com\/es\/pdf-editor<\/strong><\/a><strong>).<\/strong><\/p>\n\n\n\n<blockquote class=\"wp-block-quote is-style-default\">\n<p>Conoce la propuesta educativa que ofrece el C.A.V.I., ingresando al siguiente link: <a href=\"https:\/\/cboero-cba.infd.edu.ar\/sitio\/ciclo-artistico-vocacional-infantil-c-a-v-i\/\">https:\/\/cboero-cba.infd.edu.ar\/sitio\/ciclo-artistico-vocacional-infantil-c-a-v-i\/<\/a><\/p>\n<\/blockquote>\n<\/div><\/div>\n\n\n\n<p><\/p>\n\n\n\n<p><\/p>\n","protected":false},"excerpt":{"rendered":"<p>INSCRIPCI\u00d3N CICLO ART\u00cdSTICO VOCACIONAL INFANTIL -C.A.V.I.- A\u00d1O 2025 SI YA SOS estudiante del Conservatorio&#8230; INSCRIPCIONES ABIERTAS DESDE&nbsp; EL 15\/11\/2024 El profesor\/a le entregar\u00e1 al estudiante, la Planilla de Inscripci\u00f3n 2025 en formato papel, a partir del 01\/11\/2024, la que se deber\u00e1 completar y entregar a preceptor\u00eda hasta el 20\/12\/2024. ATENCI\u00d3N: Realizando este tr\u00e1mite en tiempo &#8230; <a title=\"Inscripci\u00f3n Ciclo Art\u00edstico Vocacional Infantil -C.A.V.I.-\" class=\"read-more\" href=\"https:\/\/cboero-cba.infd.edu.ar\/sitio\/inscripcion-ciclo-artistico-vocacional-infantil-c-a-v-i-2\/\" aria-label=\"More on Inscripci\u00f3n Ciclo Art\u00edstico Vocacional Infantil -C.A.V.I.-\">[+]<\/a><\/p>\n","protected":false},"author":99,"featured_media":0,"parent":0,"menu_order":0,"comment_status":"closed","ping_status":"closed","template":"","meta":[],"acf":[],"_links":{"self":[{"href":"https:\/\/cboero-cba.infd.edu.ar\/sitio\/wp-json\/wp\/v2\/pages\/3770"}],"collection":[{"href":"https:\/\/cboero-cba.infd.edu.ar\/sitio\/wp-json\/wp\/v2\/pages"}],"about":[{"href":"https:\/\/cboero-cba.infd.edu.ar\/sitio\/wp-json\/wp\/v2\/types\/page"}],"author":[{"embeddable":true,"href":"https:\/\/cboero-cba.infd.edu.ar\/sitio\/wp-json\/wp\/v2\/users\/99"}],"replies":[{"embeddable":true,"href":"https:\/\/cboero-cba.infd.edu.ar\/sitio\/wp-json\/wp\/v2\/comments?post=3770"}],"version-history":[{"count":103,"href":"https:\/\/cboero-cba.infd.edu.ar\/sitio\/wp-json\/wp\/v2\/pages\/3770\/revisions"}],"predecessor-version":[{"id":5594,"href":"https:\/\/cboero-cba.infd.edu.ar\/sitio\/wp-json\/wp\/v2\/pages\/3770\/revisions\/5594"}],"wp:attachment":[{"href":"https:\/\/cboero-cba.infd.edu.ar\/sitio\/wp-json\/wp\/v2\/media?parent=3770"}],"curies":[{"name":"wp","href":"https:\/\/api.w.org\/{rel}","templated":true}]}}