{"id":985,"date":"2018-06-28T01:30:53","date_gmt":"2018-06-28T04:30:53","guid":{"rendered":"https:\/\/cboero-cba.infd.edu.ar\/sitio\/datos-institucionales\/"},"modified":"2025-04-20T21:40:14","modified_gmt":"2025-04-21T00:40:14","slug":"datos-institucionales","status":"publish","type":"page","link":"https:\/\/cboero-cba.infd.edu.ar\/sitio\/datos-institucionales\/","title":{"rendered":"Datos Institucionales"},"content":{"rendered":"<p style=\"text-align: center;\"><span style=\"color: #000099; font-size: 14pt;\">Conservatorio Superior de M\u00fasica \u00abFelipe Boero\u00bb<\/span><\/p>\n<ul>\n<li><span style=\"text-decoration: underline;\">Horario de atenci\u00f3n<\/span>: lunes a viernes de 08.00 a 20.20 h<\/li>\n<li><span style=\"text-decoration: underline;\">Direcci\u00f3n<\/span>: Bv. Espa\u00f1a 1174. Villa Mar\u00eda. C\u00f3rdoba. Argentina.<\/li>\n<li><span style=\"text-decoration: underline;\">Tel\u00e9fono<\/span>: +54-353-429-9988<\/li>\n<li><span style=\"text-decoration: underline;\">E-mail<\/span>:\u00a0<a href=\"mailto:conserfelipeboero@gmail.com\">conserfelipeboero@gmail.com<\/a><\/li>\n<li><span style=\"text-decoration: underline;\">URL<\/span>: http\/\/cboero.cba.infd.edu.ar\n<p style=\"text-align: left;\"><img decoding=\"async\" loading=\"lazy\" style=\"display: block; margin-left: auto; margin-right: auto;\" title=\"logo del conser si 2013\" src=\"https:\/\/cboero-cba.infd.edu.ar\/sitio\/wp-content\/uploads\/2018\/06\/logo_del_conser_face01.jpg\" alt=\"logo del conser si 2013\" width=\"142\" height=\"206\" border=\"0\" \/><\/p>\n<\/li>\n<\/ul>\n<p style=\"text-align: center;\">\n","protected":false},"excerpt":{"rendered":"<p>Conservatorio Superior de M\u00fasica \u00abFelipe Boero\u00bb Horario de atenci\u00f3n: lunes a viernes de 08.00 a 20.20 h Direcci\u00f3n: Bv. Espa\u00f1a 1174. Villa Mar\u00eda. C\u00f3rdoba. Argentina. Tel\u00e9fono: +54-353-429-9988 E-mail:\u00a0conserfelipeboero@gmail.com URL: http\/\/cboero.cba.infd.edu.ar<\/p>\n","protected":false},"author":126,"featured_media":0,"parent":0,"menu_order":0,"comment_status":"closed","ping_status":"closed","template":"","meta":[],"acf":[],"_links":{"self":[{"href":"https:\/\/cboero-cba.infd.edu.ar\/sitio\/wp-json\/wp\/v2\/pages\/985"}],"collection":[{"href":"https:\/\/cboero-cba.infd.edu.ar\/sitio\/wp-json\/wp\/v2\/pages"}],"about":[{"href":"https:\/\/cboero-cba.infd.edu.ar\/sitio\/wp-json\/wp\/v2\/types\/page"}],"author":[{"embeddable":true,"href":"https:\/\/cboero-cba.infd.edu.ar\/sitio\/wp-json\/wp\/v2\/users\/126"}],"replies":[{"embeddable":true,"href":"https:\/\/cboero-cba.infd.edu.ar\/sitio\/wp-json\/wp\/v2\/comments?post=985"}],"version-history":[{"count":5,"href":"https:\/\/cboero-cba.infd.edu.ar\/sitio\/wp-json\/wp\/v2\/pages\/985\/revisions"}],"predecessor-version":[{"id":5522,"href":"https:\/\/cboero-cba.infd.edu.ar\/sitio\/wp-json\/wp\/v2\/pages\/985\/revisions\/5522"}],"wp:attachment":[{"href":"https:\/\/cboero-cba.infd.edu.ar\/sitio\/wp-json\/wp\/v2\/media?parent=985"}],"curies":[{"name":"wp","href":"https:\/\/api.w.org\/{rel}","templated":true}]}}